= -5*w + 191. Let q = w + -41. What is the units digit of q?
9
Let q = -43 - -38. Let h(d) = 4*d**2 + d - 12. What is the units digit of h(q)?
3
Suppose w + 0 = 2*j + 3, w + 1 = 3*j. Suppose -w*b + 1577 - 389 = 0. What is the tens digit of b?
0
Suppose -153 = 2*d + 3*w, 51 = -d - 2*w - 27. Let y = -10 - d. Suppose x - y = 5. What is the tens digit of x?
6
Suppose 0 = 2*t - t + 1. Let b be -18*(-4 - 3/t). Let j = b + -1. What is the tens digit of j?
1
Let o = 0 - -2. Let l(b) = -7 + 3*b + 12*b + 8*b - 14*b. What is the units digit of l(o)?
1
Let i(j) = -j**2 - 4*j + 2. Let p be i(-4). Suppose p*k + 0*k = 46. What is the units digit of k?
3
Suppose 5*h = -2*h. Let v(c) = -8*c + 48. What is the tens digit of v(h)?
4
Suppose -31*t - 9*t + 52160 = 0. What is the units digit of t?
4
What is the hundreds digit of (6/4 - 2)/((-47)/54520)?
5
Let o(r) = r**2 - 2*r + 102. Let k be o(0). Let u = -39 + k. What is the units digit of u?
3
Let y(f) = 2*f**3 + 8*f**2 + f - 1. Let j(c) = -2*c**3 - 7*c**2 - c + 2. Let d(z) = 4*j(z) + 3*y(z). What is the tens digit of d(-4)?
7
Let j(b) = b**3 + 8*b**2 + 9*b - 7. What is the hundreds digit of j(6)?
5
Let q(y) = -y**3 + 5*y**2 - 4*y + 4. Let o be q(4). Let p(w) = -w**3 + 2*w**2 - 8*w + 10. Let t be p(o). Let m = t + 112. What is the units digit of m?
8
Suppose 29*l - 23*l - 1260 = 0. What is the units digit of l?
0
Let d(c) = 24*c - 5. Suppose g + 1 = 2*w + 5, 1 = -w. What is the units digit of d(g)?
3
What is the thousands digit of 56/6*(4634 + 22)/16?
2
Let i(n) = -n**3 + 10*n**2 + 8*n - 13. What is the units digit of i(7)?
0
Suppose -138 = -4*w + 162. Let j be ((-2)/2)/(3/(-6)). Suppose w = 5*g - j*b + 5*b, -15 = -g - 4*b. What is the units digit of g?
5
What is the hundreds digit of 10/90 - (-112316)/36?
1
Suppose -4*c = -3*j - 31, 4*c + 3*j - 1 = -0. Suppose 0*v + 2*n + 5 = -3*v, n = -c. What is the tens digit of (-1)/(v/(-20)) - 0?
2
Let s = 45 - 22. Let c(r) = -24 - 2*r - 2*r + s. What is the units digit of c(-4)?
5
Let h(k) = 20*k**3 - k**2 + 20*k - 5. What is the units digit of h(4)?
9
Suppose -465 = 16*i - i. Let o = 59 + i. What is the tens digit of o?
2
What is the hundreds digit of 1545*((-2)/16)/(87/(-232))?
5
Let c be 1/(1*1/(-11)). Let k be 112/c + (-18)/(-99). What is the tens digit of 4/k - (-107)/5?
2
Suppose -4*v = 5*p - 978 - 1983, 3*v + 3*p = 2223. What is the hundreds digit of v?
7
Let g(w) = w**3 - 7*w**2 - w - 3. Let j be g(7). Let k be 3/6 - j/4. Suppose y - k*a - 24 = -0*a, -y + 32 = 5*a. What is the tens digit of y?
2
Suppose 824 = 4*c + 2712. Let g be (-10)/30 - c/(-6). Let t = g - -135. What is the units digit of t?
6
Let h = -60 + 60. Suppose h = -2*m - 2*n + 108, 2*m + 5*n + 180 = 6*m. What is the units digit of m?
0
Suppose 2*w - 4144 - 2182 = 0. What is the hundreds digit of w?
1
Suppose 30*d - 172744 = -14*d. What is the tens digit of d?
2
Let q be (-1 - -6 - 2) + 9. What is the tens digit of ((-177)/(-12))/(3/q)?
5
Suppose -t = 14*t. Suppose 0 = -2*u - t*u + 10, 4*o + 3*u - 867 = 0. What is the units digit of o?
3
Let g = 66 + -24. Suppose -l - l = g. Let u = 31 + l. What is the tens digit of u?
1
Let s(c) be the first derivative of -6*c**4 - 2*c**3/3 + 4*c - 15. What is the hundreds digit of s(-2)?
1
Suppose -262 = -3*f + 113. Suppose -4*j = i - 26, -7*i = -2*i - 10. Suppose f = -j*x + 11*x. What is the tens digit of x?
2
Suppose -2*n - 5*x + 4*x = -4, 2 = n + 5*x. Suppose n*o - 82 - 290 = 0. What is the hundreds digit of o?
1
What is the units digit of 9914/18 - 6/(-27)?
1
Suppose -4 = x - 5*g, -24 = -5*x + g + 2*g. Suppose u - 2 = 0, -u + 0*u = m - x. Let s = m - -40. What is the tens digit of s?
4
Suppose -2*j + 8 = -0*j. Let y = j - 4. Suppose 0*m = 4*n + 4*m - 80, y = 5*n - 3*m - 132. What is the units digit of n?
4
Let z = 75 - 147. Let p = z - -103. What is the tens digit of p?
3
Let s be 1*(-44)/(6/(-3)). Let p(j) = j**3 - 7*j**2 + 6*j + 2. Let i be p(6). Suppose -3*d + i*d = -s. What is the tens digit of d?
2
Suppose -2*x = x + 3*v, -v = -4*x - 10. Let y be x/10 - (-208)/40. Suppose -120 = -10*i + y*i. What is the units digit of i?
4
Suppose -x = -2*x - 63. Let d(o) = 16*o**2 - 114*o - 1. Let f be d(7). Let m = f - x. What is the tens digit of m?
4
Suppose -7*m = 11*m - 53424. What is the tens digit of m?
6
Suppose -k + 2*k = 62. Suppose -p + 4*y + 24 = 0, -y + k = 6*p - 2*p. What is the tens digit of p?
1
Suppose 2596 = 13*w + 126. What is the hundreds digit of w?
1
Let f(h) = 66*h**2 - 104*h - 733. What is the units digit of f(-7)?
9
Suppose -6*g = -212 - 136. What is the units digit of g?
8
Let n(i) = 389*i - 201. What is the units digit of n(9)?
0
Suppose l + 3305 + 1700 = 0. What is the units digit of l/(-52) - (-2)/(-8)?
6
Let v(s) = 3*s - 3. Let d be v(-1). Let c(u) = u**2 - 7*u + 1. What is the units digit of c(d)?
9
Let a(t) = 3*t**2 + 9*t - 11. Let x be 1/(-2) - 75/10. What is the units digit of a(x)?
9
Suppose -17 = -5*n + i, -2*i + 0 = 4. Suppose 222 = -n*r + 6*r. What is the tens digit of r?
7
Let z be 2 - (-28)/(-4) - -12. What is the tens digit of 6/(((12/z)/(-2))/(-4))?
2
Let d = 5320 - 3645. What is the units digit of d?
5
What is the units digit of ((-4)/(-5))/((-65331)/5940 - -11)?
8
Let o(p) = -p**3 + p**2 - 8*p + 3. Let x be o(6). Let t = x - -487. What is the tens digit of 4/(-26) - t/(-13)?
2
Let q(a) = -a**3 - 10*a**2 - 9*a + 5. Let v be q(-9). Suppose -6 = 2*s, v*s + 22 = 2*z - z. What is the units digit of z?
7
Let a = 5 + 14. Let x = a + -11. What is the units digit of x?
8
Let h(a) = 3*a + 1 - 13*a + 26 + 4*a**2. What is the tens digit of h(6)?
1
Suppose 9*f = -14*f + 17112. What is the tens digit of f?
4
Let g = 23 + -18. Suppose -2*w = 0, 3*j - g*w - 339 = -0*w. Suppose -5*o + 3*x - j = -443, 0 = 2*x. What is the units digit of o?
6
Let a(l) = -l**3 + 7*l**2 + 10*l - 1. Let j = 17 + -16. Let y(x) = 6*x + 2. Let d be y(j). What is the units digit of a(d)?
5
Let v(g) = 256*g**2 + 81*g + 294. What is the hundreds digit of v(-4)?
0
Suppose -34*s + 36 = -916. What is the units digit of s?
8
Suppose 647*d - 653*d + 294 = 0. Let a = 318 + -130. Suppose -3*t + d = -a. What is the units digit of t?
9
Suppose 9*b - 4*b + 3*l - 44 = 0, b - 2*l - 14 = 0. What is the units digit of 1/((-548)/(-132) + -4)*b?
6
Let q be -3*58/(-6) - 1. Let u = q + -24. Let j(m) = 14*m + 11. What is the units digit of j(u)?
7
What is the hundreds digit of 1/(-5) - 1/(30/(-26856))?
8
Let p = 31 + -28. Suppose -46 = k - p*k. What is the units digit of k?
3
Let v(z) = -z**2 + z. Suppose 4*o - 7 = -3. Let f be v(o). Suppose f = 9*i - 5*i - 80. What is the units digit of i?
0
Suppose 2*d + 128 = 2*r, 5*r - 129 = d - 53. Suppose 0 = 5*u + 6 + 184. Let j = u - d. What is the units digit of j?
3
Suppose -3*t - 2*y + 22 = 0, -3*t = -5*y + 5 + 8. Suppose 2*p + t*d = 300, -p - 3*d + 2*d = -154. What is the tens digit of p?
5
Let q be (-1)/(((-9)/(-6))/(-3)). Suppose -w + 6 = q*w. Suppose -108 = -5*k + 4*a, -5*k - w*a + 16 = -4*k. What is the units digit of k?
0
Let v(w) = -547*w + 721. What is the hundreds digit of v(-6)?
0
Suppose -h + 7*g = 2*g - 4, 5*h - g - 20 = 0. Suppose -h*t + 3 = -5. What is the units digit of t?
2
Let k(x) = -x**3 - 8*x**2 - 10*x - 8. Let s be k(-7). What is the units digit of (14/4)/(s/156)?
2
Let j = -12 + 9. Let q be (-2)/(j/(-3) + 1). Let u = q + 16. What is the units digit of u?
5
What is the tens digit of ((-4)/16 + (-5160)/16)*-4?
9
Let q be (6/(-10))/(10/(-50)) - -9. Let w(c) = -c**3 + 12*c**2 + 24*c - 15. What is the hundreds digit of w(q)?
2
Suppose 8379 = 31*k - 13600. What is the hundreds digit of k?
7
Suppose -2069 = 24*v - 8117. What is the units digit of v?
2
Let n = -2 - -4. Let m = n - -57. Let i = 91 - m. What is the tens digit of i?
3
Let s(h) be the first derivative of h**4/4 - 5*h**3/3 - 11*h**2/2 - 2*h + 3. What is the tens digit of s(7)?
1
Let t(i) = -i**3 + 33*i**2 - 207*i - 25. What is the tens digit of t(24)?
9
Let g = 1894 + -1234. Suppose p - 7*p + g = 0. What is the tens digit of p?
1
Let l = 1 + -7. What is the tens digit of (-136)/(-6) + l/(-18)?
2
Let n(t) be the first derivative of -t**4/4 + 7*t**3/3 + t**2/2 + 2*t - 23. What is the units digit of n(4)?
4
Let d(c) = 1065*c**3 - c**2 + 2*c - 1. What is the units digit of 